 Let d be q(z). Let j(r) = 5 - 6*r + 0*r**d + 0*r - 3*r**2 + 2*r**2. Determine j(-5).
10
Let f(s) be the second derivative of -s**5/20 + 11*s**4/12 - s**3/2 + 11*s**2 + 2004*s. Give f(11).
-11
Let a(g) = -g**3 - 17*g**2 - 17*g - 26. Suppose -100*b = -3*b + 1552. Determine a(b).
-10
Let d(u) be the first derivative of -u**3/3 + u**2/2 + 8*u - 42. Let z(f) = -f + 2. Let q(s) = d(s) + z(s). Calculate q(0).
10
Suppose 1 = 3*f - 3*i - 2, f = 5*i - 7. Let z(p) = -19*p**f - 55*p - 56*p + 110*p. What is z(1)?
-20
Let k be (5/20)/(4/(-64)). Let u(d) = 9*d + 1. Determine u(k).
-35
Let c = -248 - -255. Let u(l) = -46*l - 14. Let m(w) = 31*w + 10. Let k(a) = c*m(a) + 5*u(a). Calculate k(1).
-13
Let f(w) be the third derivative of -w**5/60 + w**4/8 - w**3/2 - 473*w**2. Calculate f(-10).
-133
Let n(f) = -23*f - 1246. Let q be n(-54). Let s(x) = x**3 + 2*x**2 - 2*x + 8. Give s(q).
-16
Let i = -6059 - -6056. Let r(g) = 105*g + 314. Determine r(i).
-1
Let j(v) = 7*v - 6. Let l(n) = -6*n + 5. Let w(u) = -5*j(u) - 6*l(u). Suppose -24 + 12 = -6*t. Suppose 12 = 5*m + t*q - 8, m = -3*q - 9. Determine w(m).
6
Let t(q) = q**3 - 9*q**2 + 8*q - 5. Let g(i) = 7*i**2 - 27*i + 124. Let u(o) = 6*o**2 - 28*o + 124. Let b(d) = -5*g(d) + 6*u(d). Let h be b(29). What is t(h)?
-5
Let c(m) = -m**3 - m**2 - 1. Let w(s) = 7*s**3 + 2*s**2 + s + 6. Let g(k) = 5*c(k) + w(k). Let i be (-667)/7 - (30/21)/(-5). Let v = i - -97. Give g(v).
7
Suppose 19*z - 16*z + 10 + 32 = 0. Let v(p) be the second derivative of p**3/6 + 19*p**2/2 + 39*p. Calculate v(z).
5
Let l = -136 + 139. Let n(v) = v - 7. Let j = -49 + 45. Let b(d) = d - 6. Let p(z) = j*b(z) + l*n(z). Give p(3).
0
Suppose 145 = 12*i - 59. Suppose -i*v - 20 = -12*v. Let f(b) = b**2 + 6*b + 4. What is f(v)?
-4
Let b(r) be the second derivative of -r**5/20 + 3*r**4/4 - 8*r**3/3 + 11*r**2/2 - r - 412. Calculate b(7).
-3
Let o(d) = -13*d - 196. Suppose -1117 = -13*l - 1312. Determine o(l).
-1
Let b(d) = -5*d**2 + 8*d - 79. Let o(x) = 12*x**2 - 12*x + 158. Let z(h) = -7*b(h) - 3*o(h). Calculate z(-23).
10
Let q(x) = x**2 - x + 7. Suppose -5*f + 5*k - 23 = -3*f, 3*f + 3 = -3*k. Let h be (-2)/((-16)/6) - (-3)/f. Let v be -2 + (4 - 2) - h. Determine q(v).
7
Let l(d) = 39*d + 33. Let z(s) = -34*s - 30. Let p(m) = 5*l(m) + 6*z(m). Give p(-2).
3
Let a(z) = 1 + 487927*z**2 + 0 - 487929*z**2. Suppose 0 = -4*b + 5*p - 28, 2*p = 2*b - p + 16. What is a(b)?
-7
Let l(s) = -2*s**2 + 5*s - 2. Let f(r) = r**2 - 4*r + 1. Suppose -12 = -a - 8. Let d(h) = a*f(h) + 3*l(h). Let v = 14 + -12. Give d(v).
-12
Suppose -3*m - 4*c + 48 = 0, 0 = m - 4*c + 53 - 37. Let k(f) = 4*f - 17. Determine k(m).
15
Let l(o) = -199 + 787 + 9*o - 201 - 194 - 195. Determine l(6).
52
Let o(c) be the first derivative of c**6/120 - c**5/12 - 3*c**4/8 - c**3 + c**2/2 + 19*c + 98. Let v(p) be the second derivative of o(p). Calculate v(7).
29
Let v(k) = k**2 + 12*k + 3. Let h(t) = -t**3 - 8*t**2 - 5*t + 33. Let w be h(-5). Determine v(w).
88
Let r(o) = o**2 + 38*o - 173. Let z be r(4). Let v(b) = -7*b - 1. Give v(z).
34
Let u = -131 - -141. Suppose u*o + 162 = -17*o. Let r(i) = 2*i**2 + 5*i - 1. Let a(x) = -x**2 + 1. Let w(p) = -a(p) - r(p). What is w(o)?
-6
Suppose 12*f - 43*f - 1160 = 27*f. Let h(v) = -4*v - 52. What is h(f)?
28
Let p(h) = -h**3 - 11*h**2 - 3*h - 4. Let c(m) = m**3 + 10*m**2 + 3*m + 3. Let a(f) = 6*c(f) + 5*p(f). Let u be (-12)/(-9)*3*-1. Give a(u).
2
Let c(j) = -12*j + 2. Let k(v) = -11*v + 2. Suppose 3*g - 2*s - s + 9 = 0, -5*g = 2*s + 22. Let w(o) = g*k(o) + 3*c(o). Let i = -22 - -19. Give w(i).
-26
Let m(t) = 49*t**2 - 16*t + 11. Let q(k) = -37*k**2 + 15*k - 11. Let j(x) = -3*m(x) - 4*q(x). Calculate j(12).
11
Let j = 128 + -44. Let r = -61 + j. Suppose -4*o + r = -8*u + 11*u, -3*o - 39 = -4*u. Let y(f) = -f**3 + 10*f**2 - 9*f - 3. Give y(u).
-3
Let a(i) = 4*i**2 + 2*i - 1. Let b = -146 - -201. Let v = b - 57. Give a(v).
11
Suppose -78 + 1 = -7*b. Let g(a) = 14 - 49 + 2*a - b*a + 13 + 16. Calculate g(-4).
30
Let u(i) be the second derivative of -11*i**3/2 - 25*i**2 + 162*i + 4. Give u(-2).
16
Let u(n) = -7*n - 33. Let x(b) = -2*b - 1. Let o(w) = u(w) - 2*x(w). Determine o(-11).
2
Let r(t) = 32*t - 145. Let s(c) = 698*c + 4193. Let l be s(-6). Determine r(l).
15
Let b be 0*(21 - 6280/300). Let g(o) = -7*o + 5. Calculate g(b).
5
Let p(f) = f**3 - 19*f**2 + 37*f + 9. Let x be (153/(-63))/((-27)/189). What is p(x)?
60
Let z(x) be the first derivative of 4*x + 60 + 3/2*x**2 + 1/4*x**4 + 2*x**3. Calculate z(-5).
14
Let x(j) = -j + 32. Suppose 4*m - 104 = -4*p, 191 - 1 = 5*m - 5*p. What is x(m)?
0
Let p(r) = 2*r**2 - r - 1. Let v be p(2). Let z = 1823 - 1778. Suppose v*q = 30 - z. Let m(x) = -2*x**2 - 2*x. Determine m(q).
-12
Suppose 7 = -5*u - 43. Let i(f) be the third derivative of -1/12*f**4 - 40*f + 2*f**2 + 0 - 5/2*f**3. Give i(u).
5
Let t(o) = 20*o. Let f(n) = -223*n + 169. Let y(k) = f(k) + 10*t(k). Give y(7).
8
Let s(c) = -101*c + 250. Let l(v) = 37*v - 83. Let i(p) = -8*l(p) - 3*s(p). Calculate i(13).
5
Let q(o) be the third derivative of -o**4/24 - o**3/6 + 5274*o**2 + 44. Suppose -w + 8 = w. Let p = -2 + w. Calculate q(p).
-3
Suppose w + 5 = 3. Let p(k) = 7*k**3 + 7*k**2 - 3*k - 4. Let d(c) = 6*c**3 + 6*c**2 - 2*c - 3. Let z(g) = 4*d(g) - 3*p(g). Calculate z(w).
-14
Let b(h) = -2*h**3 - 2*h**2 - h + 4. Let l = 10089 - 10091. What is b(l)?
14
Let h(j) = 2*j - 3. Let p be 12/8 + (-22)/4 - -5. Let n(k) = -k**2 + 4*k + 1. Let a be n(4). Let z be p*(-5 - (-3 + a)). Give h(z).
-9
Let z(n) = n + 9. Let w be (44/12)/(2/(-6)). Let t be z(w). Let j(i) = -30*i + 36. Let h(m) = -10*m + 13. Let u(q) = -14*h(q) + 5*j(q). Give u(t).
18
Suppose 3*u + 546 = 2*o - 21, 3*u + 852 = 3*o. Let a = -288 + o. Let p(z) = -z**3 - 4*z**2 - 5*z - 2. Give p(a).
4
Let q(z) = -z - 1. Let n(o) = -10*o**2 + o**2 + 3*o**2 + 10 + 7*o**2. Let s be n(0). Let g = s + -13. Give q(g).
2
Let p(n) = -7*n - 26. Let r be p(-4). Suppose -4*o = -6*o + 32. Let s(u) = -36*u**2 - u + 18*u**2 + 17*u**r + 2*u + o. What is s(0)?
16
Let y(u) = -u**3 - 5*u**2 - 4*u + 14. Let q be (-2)/(-5) + -2 + 272/(-80). What is y(q)?
34
Let k(j) be the first derivative of j**5/40 - j**4/6 + 23*j**3/3 + 26. Let n(c) be the third derivative of k(c). Let i = 6 - 2. Give n(i).
8
Let g = -26352 - -26347. Let l(r) = r**3 + 4*r**2 - 15*r - 56. Give l(g).
-6
Let v(z) = -z**2 - 6*z - 3. Suppose 5*c + 34 + 6 = 0. Let j(x) = x + 16. Let t be j(c). Let f(m) = m - 14. Let l be f(t). Determine v(l).
-3
Let u be (63/7 - 2) + -5. Let c(b) = 1 + u*b**2 + 2*b - 9*b - b**2 + 7 + 17*b. Calculate c(-7).
-13
Let i(s) = -4*s - 14728 - 21*s**3 + 20*s**3 - 2*s**2 + 14719. Give i(-4).
39
Let w be (-4)/10 - ((-441)/15 - 2). Let q = -35 + w. Let s(r) be the third derivative of r**5/60 + r**4/24 - 5*r**3/6 - 4*r**2. Give s(q).
7
Suppose -9 = 3*i, 4*i = -2*p + 26 - 48. Let c be p*((0 - -3)/3 + -2). Let d(f) = 7*f - 3. What is d(c)?
32
Let z = 192 + -190. Let n(w) = 153*w**2 - 80*w**2 + 2 + w - 75*w**z. What is n(2)?
-4
Let b(p) = -13 - p - 2*p + 11. Let y = 227 - 220. What is b(y)?
-23
Let r(u) = -u**2 - u + 1. Let v(y) be the second derivative of 5*y**4/12 + y**3 - 21*y**2 - 58*y. Let t(w) = -6*r(w) - v(w). Determine t(0).
36
Let t(p) be the third derivative of p**5/60 - p**4 + 28*p**3/3 + 44*p**2 - 11. Calculate t(22).
12
Let s = 7613 + -7611. Let n(l) be the second derivative of l**s - 11*l - 1/12*l**4 + 0 - 5/6*l**3. Calculate n(-5).
2
Let i(o) be the first derivative of 0*o - 3/2*o**2 - 2*o**3 + 101. Give i(-2).
-18
Let d(p) = 52*p - 62. Let m(f) = -30*f + 31. Let j(w) = -4*d(w) - 7*m(w). Calculate j(-14).
3
Let m be (-72)/(-16) - -3*10/(-12). Let a(k) = 5*k**2 - 5*k**3 + 4*k**3 - 6*k**2 + m*k**2 - 30 + 42. Let b = 2 - 2. Calculate a(b).
12
Let l(o) = 176 + 174 + 32*o**2 + 2*o + 175 - 522. Determine l(-1).
33
Suppose -24*c + 528*c + 1049*c = -6212. Let q(w) = 0 - 3 - w**3 - 5*w - 5*w**2 + w. Give q(c).
-3
Suppose -2*l = -9 + 3. Suppose -4*y - 20 = -2*r, 0 = 5*r - 2*y + l - 21. Let h(z) = r*z**2 - 2*z**2 + 8*z - 9 - z**2. What is h(6)?
3
Let m(i) be the first derivative of 1/120*i**5 + 11/3*i**3 + 1/12*i**4 - 21 + 0*i + 0*i**2. Let q(j) be the third derivative of m(j). Give q(-4).
-2
Let p(u) = -u**3 + 5*u**2 + 3*u - 7. Let y(w) = -303*w + 8791. 